sands digit of 23564?
2
What is the tens digit of 3816?
1
What is the tens digit of 14279?
7
What is the units digit of 79485?
5
What is the units digit of 754?
4
What is the units digit of 8162?
2
What is the hundreds digit of 4091?
0
What is the hundreds digit of 21036?
0
What is the hundreds digit of 42528?
5
What is the tens digit of 827?
2
What is the ten thousands digit of 72756?
7
What is the hundreds digit of 658?
6
What is the hundreds digit of 559?
5
What is the thousands digit of 62231?
2
What is the units digit of 448?
8
What is the thousands digit of 1024?
1
What is the tens digit of 878?
7
What is the units digit of 17870?
0
What is the thousands digit of 59093?
9
What is the ten thousands digit of 11514?
1
What is the hundreds digit of 4564?
5
What is the hundreds digit of 5868?
8
What is the hundreds digit of 9594?
5
What is the hundreds digit of 258?
2
What is the hundreds digit of 86665?
6
What is the units digit of 3010?
0
What is the units digit of 19156?
6
What is the thousands digit of 1727?
1
What is the units digit of 45647?
7
What is the units digit of 42002?
2
What is the units digit of 1153?
3
What is the units digit of 2297?
7
What is the units digit of 4625?
5
What is the thousands digit of 11950?
1
What is the thousands digit of 72498?
2
What is the hundreds digit of 2172?
1
What is the thousands digit of 40992?
0
What is the thousands digit of 1951?
1
What is the ten thousands digit of 160926?
6
What is the tens digit of 1926?
2
What is the tens digit of 13831?
3
What is the tens digit of 294?
9
What is the thousands digit of 98887?
8
What is the thousands digit of 3834?
3
What is the units digit of 4103?
3
What is the hundreds digit of 946?
9
What is the thousands digit of 1550?
1
What is the ten thousands digit of 28871?
2
What is the tens digit of 30019?
1
What is the units digit of 255?
5
What is the hundreds digit of 45220?
2
What is the thousands digit of 1086?
1
What is the thousands digit of 1675?
1
What is the tens digit of 98805?
0
What is the units digit of 2427?
7
What is the units digit of 822?
2
What is the thousands digit of 26749?
6
What is the ten thousands digit of 49089?
4
What is the hundreds digit of 19710?
7
What is the units digit of 69599?
9
What is the hundreds digit of 41600?
6
What is the tens digit of 47455?
5
What is the tens digit of 2464?
6
What is the units digit of 4757?
7
What is the ten thousands digit of 16009?
1
What is the hundreds digit of 984?
9
What is the tens digit of 15029?
2
What is the hundreds digit of 6232?
2
What is the units digit of 57?
7
What is the units digit of 500?
0
What is the hundreds digit of 905?
9
What is the units digit of 6007?
7
What is the hundreds digit of 7905?
9
What is the tens digit of 50993?
9
What is the units digit of 1612?
2
What is the ten thousands digit of 47985?
4
What is the tens digit of 1075?
7
What is the hundreds digit of 693?
6
What is the units digit of 36244?
4
What is the tens digit of 41059?
5
What is the hundreds digit of 34046?
0
What is the units digit of 3511?
1
What is the hundreds digit of 7761?
7
What is the units digit of 6437?
7
What is the units digit of 26229?
9
What is the tens digit of 268?
6
What is the thousands digit of 157227?
7
What is the ten thousands digit of 41773?
4
What is the units digit of 4473?
3
What is the units digit of 484?
4
What is the units digit of 307?
7
What is the thousands digit of 14486?
4
What is the units digit of 728?
8
What is the units digit of 1142?
2
What is the thousands digit of 6044?
6
What is the tens digit of 6816?
1
What is the units digit of 11622?
2
What is the units digit of 7317?
7
What is the tens digit of 1739?
3
What is the thousands digit of 26425?
6
What is the tens digit of 8202?
0
What is the units digit of 184?
4
What is the thousands digit of 1339?
1
What is the units digit of 3306?
6
What is the ten thousands digit of 49219?
4
What is the thousands digit of 1828?
1
What is the thousands digit of 78333?
8
What is the hundreds digit of 27323?
3
What is the hundreds digit of 333?
3
What is the tens digit of 123232?
3
What is the ten thousands digit of 172493?
7
What is the thousands digit of 20062?
0
What is the thousands digit of 1666?
1
What is the units digit of 1299?
9
What is the tens digit of 5023?
2
What is the tens digit of 542?
4
What is the hundreds digit of 5164?
1
What is the thousands digit of 1071?
1
What is the tens digit of 9564?
6
What is the thousands digit of 21365?
1
What is the hundreds digit of 102894?
8
What is the units digit of 646?
6
What is the units digit of 104505?
5
What is the units digit of 1721?
1
What is the ten thousands digit of 30544?
3
What is the units digit of 92?
2
What is the thousands digit of 1320?
1
What is the tens digit of 2121?
2
What is the ten thousands digit of 21952?
2
What is the units digit of 4491?
1
What is the units digit of 3174?
4
What is the units digit of 729?
9
What is the hundreds digit of 6270?
2
What is the hundreds digit of 965?
9
What is the hundreds digit of 46530?
5
What is the thousands digit of 7121?
7
What is the tens digit of 4141?
4
What is the units digit of 252?
2
What is the units digit of 21420?
0
What is the thousands digit of 79507?
9
What is the units digit of 1050?
0
What is the tens digit of 4767?
6
What is the units digit of 1918?
8
What is the thousands digit of 19756?
9
What is the hundreds digit of 862?
8
What is the units digit of 585?
5
What is the hundreds digit of 1702?
7
What is the thousands digit of 4368?
4
What is the tens digit of 255?
5
What is the hundreds digit of 7704?
7
What is the hundreds digit of 13711?
7
What is the thousands digit of 12727?
2
What is the hundreds digit of 57653?
6
What is the units digit of 4815?
5
What is the thousands digit of 77010?
7
What is the thousands digit of 55141?
5
What is the hundreds digit of 2982?
9
What is the hundreds digit of 13708?
7
What is the hundreds digit of 2837?
8
What is the tens digit of 12731?
3
What is the tens digit of 2439?
3
What is the tens digit of 109544?
4
What is the units digit of 2665?
5
What is the tens digit of 61747?
4
What is the units digit of 4664?
4
What is the tens digit of 2291?
9
What is the units digit of 903?
3
What is the units digit of 16804?
4
What is the hundreds digit of 2100?
1
What is the units digit of 92789?
9
What is the units digit of 26392?
2
What is the hundreds digit of 5702?
7
What is the units digit of 39026?
6
What is the hundreds digit of 37769?
7
What is the hundreds digit of 421?
4
What is the units digit of 5866?
6
What is the hundreds digit of 9325?
3
What is the tens digit of 5243?
4
What is the units digit of 81631?
1
What is the units digit of 58428?
8
What is the hundreds digit of 3854?
8
What is the tens digit of 6208?
0
What is the thousands digit of 3979?
3
What is the units digit of 1110?
0
What is the hundreds digit of 10043?
0
What is the units digit of 605?
5
What is the thousands digit of 51531?
1
What is the tens digit of 66196?
9
What is the hundreds digit of 219?
2
What is the tens digit of 1158?
5
What is the tens digit of 3155?
5
What is the tens digit of 88714?
1
What is the hundreds digit of 1577?
5
What is the units digit of 5628?
8
What is the ten thousands digit of 27245?
2
What is the ten thousands digit of 34295?
3
What is the tens digit of 760?
6
What is the tens digit of 70156?
5
What is the tens digit of 647?
4
What is the tens digit of 539?
3
What is the units digit of 42135?
5
What is the units digit of 4809?
9
What is the ten thousands digit of 52623?
5
What is the tens digit of 3011?
1
What is the hundreds digit of 456?
4
What is the tens digit of 706?
0
What is the ten thousands digit of 20214?
2
What is the units digit of 12815?
5
What is the tens digit of 121106?
0
What is the hundreds digit of 14410?
4
What is the units digit of 54187?
7
What is the hundred thousands digit of 150925?
1
What is the hundreds digit of 1956?
9
What is the hundreds digit of 7376?
3
What is the tens digit of 453?
5
What is the tens digit of 9558?
5
What is the hundreds digit of 84326?
3
What is the hundreds digit of 3772?
7
What is the tens digit of 10095?
9
What is the units digit of 4122?
2
What is the thousands digit of 4186?
4
What is the hundreds d